*c - 20. Let z be t(n). Let o(k) = -k + 7. What is o(z)?
3
Let x(n) = 8*n - 4. Let l be (-1)/((-330)/(-58) - 6) + 4/(-18). Calculate x(l).
20
Let m be (0 - -39)*(-2)/(-2). Suppose 21*d - 18*d - o = 133, -2*d - 5*o + 117 = 0. Let s = d - m. Let i(x) = -x**2 + 9*x - 10. Give i(s).
4
Let m(u) be the first derivative of -u**4/12 - 11*u**3/6 - 4*u**2 - 27*u - 36. Let k(t) be the first derivative of m(t). What is k(-10)?
2
Let z(t) = t**2 - t + 1. Let q(d) = -4*d**2 + 5*d - 71. Let l(x) = q(x) + 5*z(x). Let s be l(-8). Let n(v) = 4*v + 0 - v - 4*v + 2. Determine n(s).
4
Suppose -2*i = 2*i - 4. Let p(y) = 2*y**2 + 2 + 3*y - 3 - i + 2*y. Suppose -16764*w = -16785*w - 84. Calculate p(w).
10
Let j(o) = -5*o**3 + 166*o**2 - 74*o + 76. Let z(a) = 3*a**3 - 105*a**2 + 49*a - 51. Let g(k) = 5*j(k) + 8*z(k). Give g(-12).
-4
Let n(z) = -7*z - 119. Let c(a) = 2*a - 7. Let u(j) = -3*c(j) + n(j). Determine u(-8).
6
Let n(y) = -59*y**2 - y - 1. Let v(k) = -15*k - 616. Let z be v(-41). Give n(z).
-59
Let x(j) = 6*j - 11*j - 5*j - 34 - 56. Let y be x(-9). Let l(a) = -2*a**2 + 3. Give l(y).
3
Let i be 2/(24/110) - 4/24. Let a be 176/(-112) - i/21. Let h(l) = -l**2 + 4*l + 3. What is h(a)?
-9
Let h(j) = -2*j**2 + 0*j**2 + 8*j**2 + j**3 - 1. Let b(u) = -u**2 - 12*u + 319. Let s be b(13). Determine h(s).
-1
Let d = 71 - 69. Let c(g) = -7*g + 1 - g**d - 8 + 4. What is c(-6)?
3
Let t(i) = 35*i - 7. Let s(h) = 17*h - 3. Let d(v) = 5*s(v) - 2*t(v). Suppose -43*k + 21 + 39 - 17 = 0. Determine d(k).
14
Let r(m) = -5 - 22*m**3 - 28*m**3 + 10*m**2 + 73*m**3 - 21*m**3 - 2*m**2 + 4*m. What is r(-3)?
1
Let y(u) = -2*u - 10*u - 3*u + 20 - 8*u**3 + 4*u**2 - 7*u + u. Let p(j) = -3*j**3 + j**2 - 8*j + 7. Let k(m) = 11*p(m) - 4*y(m). Give k(-3).
-9
Let l(c) be the third derivative of 0*c + 1/3*c**3 + 1/24*c**4 + 0 - 87*c**2. Determine l(3).
5
Let z(k) = -18*k - 12. Let y(i) = 6*i + 7. Let v(w) = -7*y(w) - 2*z(w). What is v(-6)?
11
Let s(w) = -5*w + 7. Let z be s(1). Let m(t) = -t**2 - 2*t - 5*t**2 - 2*t**2 + 9*t**z - 7. Determine m(-5).
28
Suppose -43 = 392*n - 389*n - 5*s, -5*n - 4*s - 84 = 0. Let v(k) = 7*k + 122. Determine v(n).
10
Let v(q) = 2 - q**2 + 1 - q - 1. Let p = -32 - -41. Suppose -u - 1 = 4*g - 4, -3*u + p = -5*g. What is v(g)?
2
Let b(a) = a**3 + 3*a**2 - a - 2. Let v(i) = i**2 + 17*i + 2. Suppose -70 = -52*o + 47*o. Let x = o + -31. Let p be v(x). Give b(p).
16
Let g(k) be the second derivative of 2*k**3/3 + 5*k**2/2 - 17*k + 13. Let h = -127 + 123. What is g(h)?
-11
Suppose 193 - 3 = 38*s. Suppose -3 = -j - 2*o, s*j + 0 = -5*o + 40. Let l(q) = q**2 - 11*q - 9. What is l(j)?
17
Let u(l) = l**2 - 6*l + 3. Let r = -35 + 35. Let d(m) = -m + 4. Let o be d(r). Let g(v) = v**2 - 4*v + 5. Let z be g(o). Calculate u(z).
-2
Let b(g) = g**2 + g + 6. Let m(i) = 2*i**3 + 32*i**2 - 23*i - 372. Let c be m(-16). What is b(c)?
18
Let h(g) = -31*g**2 + g + 15. Let c(v) = -36*v**2 + v + 13. Let k(b) = -6*c(b) + 7*h(b). Calculate k(6).
-3
Let c(w) = -2*w**2 + 20*w - 7. Let s(l) = 16*l**2 - 182*l + 69. Let g(y) = 19*c(y) + 2*s(y). Give g(3).
-1
Let z(k) = 0 + 0 - 3 + 2. Let u(p) = 10*p - 6. Let h(l) = -3*l**2 + 6*l + 8. Let x be h(-1). Let n(d) = x*u(d) + 5*z(d). Calculate n(1).
-9
Suppose -884 = 20*z - 1064. Let o(g) be the first derivative of z - g + 1/2*g**2. What is o(4)?
3
Let v(a) = 22*a - 40. Let f be v(2). Let k(m) = -5*m + 1 + f - 3 - 5. Let d be ((-8)/4)/((-1)/(-1)). Determine k(d).
7
Let a = -1443 - -863. Let i = a - -591. Let q(m) = m**2 - 11*m + 3. Give q(i).
3
Suppose 0 = 15*k - 11*k - 20. Suppose p + 16 = -k*b, -4*p - 3*b = 11 + 2. Let t(d) = 242*d - 10*d**3 + 5*d**3 - 241*d. Give t(p).
4
Let o(v) be the third derivative of v**5/60 + v**4/3 + 14*v**3 + v**2 - 5*v. Let a(f) be the first derivative of o(f). Suppose -j - 4 = 2. What is a(j)?
-4
Let o(k) = 2*k**3 - k**2 - 4*k - 7. Suppose -5*a - 5*l = -4*l + 15, -3*a - 2*l - 9 = 0. Give o(a).
-58
Let v(u) = u**3 - 16*u**2 + 2*u + 7. Let k(r) = -4*r**2 + r + 1. Let m(s) = 2*k(s) - v(s). What is m(8)?
-5
Let v(o) be the first derivative of -o**3/3 + 13*o**2/2 + 32*o + 2770. What is v(15)?
2
Suppose -2 = 2*w - 3*s, w + 3 = 4*s - 3. Let t(h) = 1 + 0 - h + 3*h + 285*h**w - 286*h**2. Determine t(2).
1
Let y = 64 - 355. Let p = -282 - y. Let i(m) = m**3 - 10*m**2 + 10*m - 13. Give i(p).
-4
Let p(d) = -2*d + 3. Let j be (((-3)/(-4))/(-3))/((-4)/16). What is p(j)?
1
Let x(t) be the third derivative of -t**6/720 - t**5/12 - 13*t**4/6 + t**3/6 - 11*t**2 - 5*t. Let s(i) be the second derivative of x(i). Give s(-6).
-4
Let u(w) = -5*w**2 - 175*w + 5. Let z be u(-35). Let k(r) = -2*r**2 - 3*r + 6. Let h(s) = -3*s**2 - 2*s + 6. Let i(q) = 4*h(q) - 5*k(q). Determine i(z).
-21
Let a(h) = 2*h + 145. Let v be a(10). Let u(j) = v*j**3 - 4*j - 184*j**3 + 5*j. Determine u(1).
-18
Suppose 16*i + 49*i + i - 1254 = 0. Let y(n) = -2*n**2 + 39*n - 6. Calculate y(i).
13
Let p(d) = 120*d**2 - 10*d + 8. Let x be p(2). Let z = 476 - x. Let f(v) = -v**2 + 5*v - 5. Give f(z).
-29
Suppose -43*j + 13 + 73 = 0. Let l(n) = -3*n - 66 + 20 - n**j + 12 + 19 + 24. Give l(-5).
-1
Let g(b) be the third derivative of 13*b**4/12 - 127*b**3/6 + 1733*b**2. Give g(5).
3
Let u(z) be the first derivative of 5*z**3/6 - 5*z**2/2 - 64*z + 127. Let g(s) be the first derivative of u(s). Determine g(-6).
-35
Let x = 395 - 394. Let w be x*(-4)/(8 - 4)*3. Let l(i) = i**2 + 3*i. Let h(z) = -z**2 - 3*z + 1. Let v(j) = -3*h(j) - 2*l(j). Calculate v(w).
-3
Let m(d) = d**2 + 2*d - 6. Let h(s) = 2*s**2 + 41*s - 15. Let b be h(-20). Suppose -y + 123 = 4*c, 3*c + y - 93 = -0*c. Let g = c + b. Give m(g).
9
Let x(i) = i**2 + 8*i + 3. Let j = -482 + 498. Suppose 0 = 757*n - 759*n - j. Calculate x(n).
3
Let g(l) = l**2 - 6*l - 9. Let b be 2/4*2*3. Let v(i) = 9 - i + 4*i - 7*i + b*i. Let q be v(2). Give g(q).
-2
Let d be (-2)/(-1 - -2) + 23. Suppose 7 = 2*g + d. Let l(z) be the second derivative of -z**4/12 - 4*z**3/3 - 5*z**2/2 - 8*z. Calculate l(g).
2
Let g(y) = -9*y - 5439 + 2961 + 2745. Calculate g(29).
6
Let j(z) = z**3 + 6*z**2 - 6*z + 2. Let m = -165 - -170. Suppose -2*g + y = m*y + 2, -4*g - 25 = y. Give j(g).
-5
Let k(q) be the second derivative of q**5/20 - 5*q**4/6 + 13*q**3/6 - 8*q**2 + 1059*q + 2. What is k(8)?
-40
Suppose 0 = 4*c - 102 + 86. Let b(a) = 0 - c + 4*a + 5. Calculate b(-2).
-7
Let q(j) = 4*j**2 + 52*j - 10. Let o be q(-13). Let z(u) = 2*u**2 + 15*u + 1. Give z(o).
51
Let c(w) = 17*w - 109. Let p(f) = f**2 + 144*f + 835. Let k be p(-6). What is c(k)?
10
Let s(a) be the second derivative of a**4/12 - 2*a**3/3 + 11*a**2/2 + 9201*a. What is s(8)?
43
Let t(r) = -r + 1. Let l = -158 - -159. Let k(i) = i**2 - 4*i. Suppose -n = n - 4. Let v(b) = l*k(b) + n*t(b). Calculate v(4).
-6
Let m(j) be the second derivative of -j**5/20 + 3*j**4/4 - 4*j**3/3 - j**2 - 23*j. Let u = 31 + -43. Let n = u + 20. Determine m(n).
-2
Let t be 3 - (-1 - 60/4). Suppose -9 + t = 5*v. Let c(n) = -v*n - 7*n + 8*n. Determine c(1).
-1
Suppose 3*g - 12 = -5*w, -28*g + 26*g = -5*w + 42. Let t(r) = -118*r + 714. Determine t(w).
6
Let j(q) be the second derivative of -q**5/20 - q**4/2 - 2*q**3/3 + 3*q**2/2 - 52*q + 437. Let h(c) = c**2 - 6*c + 3. Let r be h(2). Give j(r).
-2
Let j = 13 + -11. Let q(u) = 7*u**j - 1 - 1 + 0 - 6*u + 3*u - u**3. Let r(m) = -m**3 + 7*m**2 - 3*m - 2. Let t(a) = -3*q(a) + 2*r(a). Calculate t(6).
-16
Let x(z) = 3*z + 174. Let u be x(-50). Let k be 165/u - 15/(-120). Let o(q) = -q**3 + 7*q**2 + 7. Give o(k).
7
Let u(l) = 2*l**3 - 18*l**2 + 44*l - 223. Let x be u(8). Let f(g) = 35*g - 2. Determine f(x).
33
Let y(f) = -16*f - 425. Suppose x + 24*l - 25*l + 19 = 0, 0 = 21*x - 2*l + 532. Give y(x).
-9
Let f(y) be the first derivative of -y**3/3 - 9*y**2/2 + 24*y - 574. Give f(-12).
-12
Let v(t) = 17*t**3 - 2*t - 2. Suppose 2*j - 132*z = -137*z - 2, -4*z = -2*j - 2. Give v(j).
-17
Let y(n) be the second derivative of -n**3/3 + 17*n**2 + 847*n - 1. What is y(-14)?
62
Let w = 53 + -98. Let h = w - -43. Let a(q) be the first derivative of -q**2 - 22. Determine a(h).
4
Let f(u) be the first derivative of -u**3/3 + 15*u**2/2 + 44*u - 7299. Give f(17).
10
Let t(h) be the second derivative of 11*h**3/3 + h**2/2 + 2*h + 9. What is t(-2)?
-43
Let r(i) = -i + 5. Let k be r(5). Let j(z) = 3 + 0*z 